mmon divisor of p and m?
27
Suppose 6*m = 2*m + 32. What is the greatest common divisor of 4 and m?
4
Suppose 0*b + 2 = -b. Let v be 25 + (b + 3)*-1. Suppose -6*o + v = -4*o. Calculate the greatest common factor of 36 and o.
12
Suppose q = -2*q + 12. Suppose q*c - 3*c = 20. What is the greatest common divisor of 220 and c?
20
Let x(a) = 2*a**2 - 5*a - 3. Let o be x(-1). What is the highest common divisor of o and 8?
4
Suppose 16 = 2*k + 2*k. Suppose 14 = -p - 5*r, 12 = -7*p + k*p - 5*r. Let w be p + -2 + 3*3. Calculate the greatest common factor of 4 and w.
4
Suppose -2*u + 25 = 3*v, 2*v - 23 + 6 = -u. Let z(k) = -k + 14. Let p be z(v). Calculate the highest common divisor of 2 and p.
1
Suppose -2 = -2*w + 4. What is the greatest common divisor of 9 and w?
3
Suppose 409 + 46 = 5*p. What is the highest common factor of 13 and p?
13
Let z be (1 + 2)/9 + (-30)/(-18). Calculate the highest common divisor of z and 24.
2
Suppose 0 = -r + 6*r. Let x be (r + 12)/1 + 3. What is the highest common factor of 105 and x?
15
Let z = 15 + -3. What is the greatest common factor of 18 and z?
6
Let f = -4 - -9. Suppose -3*i + 7*i = 0, f*n - 5*i = 50. What is the highest common factor of 15 and n?
5
Let z = 7 - -11. Let v = z - -6. What is the greatest common factor of 8 and v?
8
Suppose -4*q = 38 + 10. Let p(u) = -2*u - 13. Let t be p(q). Let d = 5 + t. What is the greatest common factor of d and 64?
16
Suppose 4*k - 110 - 790 = 0. What is the highest common divisor of k and 25?
25
Let s be 528/11 + 1*-3. What is the greatest common divisor of s and 18?
9
Suppose -h + 2*r = -0*h - 10, 4 = -2*h - 4*r. Let d(m) = -m**3 + 3*m + 0*m**2 + 6 + 0 - h*m**2. Let u be d(-5). What is the greatest common factor of u and 128?
16
Suppose -4*d = -3*j - 3 - 16, -5*j = d + 1. Let h(a) = -2 + 6*a + a**3 - 3*a**2 - 2 + 0. Let o be h(d). Calculate the greatest common factor of o and 12.
12
Suppose -10*b + 5*b - 4*o + 876 = 0, -4*b + 699 = 5*o. What is the greatest common divisor of 11 and b?
11
Suppose -135 = -8*m - 23. Calculate the highest common divisor of m and 70.
14
Let i(k) = 2*k**2 + 1. Let n be i(1). Suppose 0 = -4*m - n + 15. What is the greatest common factor of 6 and m?
3
Let m be -3*(-4)/9*(24 + -3). What is the greatest common divisor of m and 14?
14
Let p(k) = k**3 - 6*k**2 - k - 4. Let g be p(6). Let r = g + 14. Suppose 6*i - 28 = 2*i - r*f, -15 = -3*f. Calculate the greatest common divisor of 10 and i.
2
Let x = 28 - 25. Let l be (-4 - (0 + -1))*-1. Calculate the highest common factor of l and x.
3
Suppose -5 = d - 20. Let r(f) = f**2 - 6*f + 5. Let k be r(6). Let b(q) = 13*q - 5. Let t be b(k). Calculate the greatest common factor of t and d.
15
Let w be (22*3)/(6/8). Let k = 26 + -18. What is the greatest common factor of k and w?
8
Suppose -4*i + 34 = -3*o, 7*o - 5*i = 3*o - 46. Let f = -11 - o. What is the highest common factor of f and 1?
1
Let t be 9/6*30/9. Suppose -4*x + 12 = 2*a, -10 = -5*x - a + 11. What is the highest common factor of t and x?
5
Let u(x) = -x**3 + 4*x**2 + 7*x - 4. Let b be -1 + -2 - (-32)/4. Let h be u(b). Calculate the greatest common divisor of h and 6.
6
Let u(p) = -2*p + 4. Let w(q) = q**2 + 15*q - 21. Let a be w(-16). Let t be u(a). Calculate the highest common divisor of 28 and t.
14
Let m = -37 - -11. Let c = 74 + m. Let f = c + -34. What is the greatest common factor of 70 and f?
14
Suppose 30 - 174 = -6*d. Calculate the highest common factor of 6 and d.
6
Suppose 0 = 14*y - 113 - 335. What is the greatest common divisor of 32 and y?
32
Suppose 3*t - 660 = 3*l, -4*t + 6*l = 5*l - 892. Calculate the greatest common divisor of 14 and t.
14
Let s(t) = 3*t**2 - 1 - 2*t - 3*t**2 - 9*t**3 - t**2 + 0*t**2. Let p be s(-1). Calculate the highest common divisor of 36 and p.
9
Suppose 0*o = -9*o + 486. Let c(n) = -n - 1. Let a be c(-7). What is the highest common factor of o and a?
6
Suppose -9*k + 27 = 3*r - 4*k, -4*k - 4 = -4*r. Suppose -r*z + 3*z + 4 = 0. Suppose z*w = w + 6. Calculate the highest common divisor of 22 and w.
2
Suppose -t - 4*t = 0. Let i = t + 6. Let y be 93/i - (-1)/2. What is the greatest common factor of y and 24?
8
Let h be (-3)/(-6) + 50/4. Calculate the highest common factor of h and 91.
13
Suppose -4*a + 24 = 3*w - 0, -8 = -5*w + 4*a. Let s = 34 + -14. What is the highest common factor of w and s?
4
Let h = -116 + 200. What is the highest common divisor of 56 and h?
28
Let r be 986/10 + (-8)/(-20). Let q be 7 - (-2*1)/1. Calculate the highest common divisor of q and r.
9
Suppose 0*t - 6 = -t. Let u(i) = i + 6. Let s be u(t). What is the greatest common factor of 2 and s?
2
Suppose -2*l = 3*l + 5*t + 5, -3*l = t + 3. Let p = l + 0. Let g be ((-6)/8)/(p/40). Calculate the greatest common factor of 6 and g.
6
Let a(k) = -k**3 + 6*k**2 + 9*k + 2. Let n be a(7). Let c be -1*(0 - -2)/2. Let v = n + c. What is the highest common factor of 3 and v?
3
Let o(t) = t**2 - 2. Let l be o(-6). Suppose q - 11 = l. Let v be 23/5 + 4/10. Calculate the greatest common factor of q and v.
5
Let h = -2 + 20. Suppose -148 = -2*w - 2*w. Suppose -217 = -4*k - w. Calculate the greatest common factor of k and h.
9
Suppose -196 = -2*w + b + 206, -3*w + b = -602. Let q = 30 - 5. Calculate the highest common factor of q and w.
25
Let n(m) = m + 12. Let i(v) = -2*v + 7 - v - 2 + 0. Let r be i(4). Let w be n(r). What is the highest common factor of w and 55?
5
Suppose -5*o + 35 = n, -n + 10*o + 5 = 5*o. Calculate the highest common divisor of n and 10.
10
Let w = 226 - 158. What is the highest common factor of 102 and w?
34
Let f(z) be the second derivative of z**4/4 - z**2/2 + z. Let d be f(-1). Let k be (-39)/(-9) - (-2)/(-6). Calculate the highest common divisor of k and d.
2
Let z(c) be the second derivative of c**4/12 + c**3/6 + c. Let p be z(5). Let l = -100 - -145. What is the greatest common divisor of p and l?
15
Suppose 5*x - 2*x = 51. Calculate the highest common divisor of 68 and x.
17
Let r(y) = y**3 - 8*y**2 - 8*y - 7. Let x be r(9). Suppose -108 = -x*l + 68. Calculate the greatest common factor of 8 and l.
8
Let w be (-141)/(-15) + 2/(-5). Suppose -i - 3*i = -72. What is the highest common divisor of w and i?
9
Let d(q) = -q**2. Let l(o) = 11*o**2 - 8*o. Let n(m) = 6*d(m) + l(m). Let w be n(6). Calculate the greatest common factor of w and 12.
12
Suppose -6 = 3*n - 21. Suppose 15 = -2*y + n*y. What is the greatest common divisor of 5 and y?
5
Suppose 2*d - 4 - 8 = 0. Let a = 581 - 539. Calculate the highest common factor of d and a.
6
Let t(s) = s + 5. Let k be t(-5). Suppose k = m - 8 - 6. Calculate the greatest common divisor of m and 56.
14
Suppose 0 = 5*m - 48 - 12. Let x = 13 - 38. Let z = 49 + x. What is the greatest common divisor of m and z?
12
Suppose 3*h = 59 + 139. Suppose 0*r = -r + 5*l + 1, -2*r + 2 = 2*l. Suppose r - 19 = -3*m. Calculate the greatest common factor of m and h.
6
Suppose 4*w + s - 97 = 2*s, s = 5*w - 121. Let l(h) = -h + 7. Let y be l(4). Calculate the highest common factor of w and y.
3
Let s be (1/(-2) - (-39)/2) + -3. Calculate the highest common divisor of s and 16.
16
Suppose 119*c + 60 = 123*c. What is the highest common divisor of 75 and c?
15
Let u be 0/1 + 0/(-6). Suppose 3*t + u*t - 135 = 0. Calculate the greatest common divisor of 9 and t.
9
Suppose 8*t = 9*t - 65. Let i be 36/21 + 4/14. Suppose -2*q - i*o = -58, 5*q + o = 60 + t. What is the highest common factor of 3 and q?
3
Suppose -5*d = -66 - 24. Suppose n = -n + d. Suppose 0 = -2*v + 3*v, -3*o + v = -27. Calculate the greatest common divisor of o and n.
9
Let g be 13/3 + 2/(-6). Suppose 2*m = m + 5*w + 49, 2*w = g*m - 106. Suppose -n + 1 + 2 = 0. Calculate the highest common divisor of m and n.
3
Let n = 18 - 15. Suppose 5*r - 24 - 10 = n*s, 2*r - 5*s - 25 = 0. Calculate the highest common divisor of r and 55.
5
Suppose -z = 3*z - 80. Calculate the greatest common factor of 40 and z.
20
Suppose 0 = q - 6 - 3. Suppose -d - q = -2*d. What is the highest common divisor of 45 and d?
9
Let o(i) = 2*i**2 + 16*i + 6. Let k be o(-8). Suppose 4*p = 5*p - 2. Calculate the highest common factor of k and p.
2
Suppose -7 - 18 = -5*i. Let g be (-80)/3*(-3)/2. Calculate the greatest common factor of g and i.
5
Suppose j + 4*a - 31 = 0, -3*j -